[INFO] fetching crate reed-solomon-novelpoly 1.0.0...
[INFO] checking reed-solomon-novelpoly-1.0.0 against master#9610dfe5a9a731ced1ea4923ecbd0c57fe367898 for beta-170-4
[INFO] extracting crate reed-solomon-novelpoly 1.0.0 into /workspace/builds/worker-1-tc1/source
[INFO] validating manifest of crates.io crate reed-solomon-novelpoly 1.0.0 on toolchain 9610dfe5a9a731ced1ea4923ecbd0c57fe367898
[INFO] running `Command { std: CARGO_HOME="/workspace/cargo-home" RUSTUP_HOME="/workspace/rustup-home" "/workspace/cargo-home/bin/cargo" "+9610dfe5a9a731ced1ea4923ecbd0c57fe367898" "metadata" "--manifest-path" "Cargo.toml" "--no-deps", kill_on_drop: false }`
[INFO] started tweaking crates.io crate reed-solomon-novelpoly 1.0.0
[INFO] finished tweaking crates.io crate reed-solomon-novelpoly 1.0.0
[INFO] tweaked toml for crates.io crate reed-solomon-novelpoly 1.0.0 written to /workspace/builds/worker-1-tc1/source/Cargo.toml
[INFO] running `Command { std: CARGO_HOME="/workspace/cargo-home" RUSTUP_HOME="/workspace/rustup-home" __CARGO_TEST_CHANNEL_OVERRIDE_DO_NOT_USE_THIS="nightly" "/workspace/cargo-home/bin/cargo" "+9610dfe5a9a731ced1ea4923ecbd0c57fe367898" "generate-lockfile" "--manifest-path" "Cargo.toml" "-Zno-index-update", kill_on_drop: false }`
[INFO] running `Command { std: CARGO_HOME="/workspace/cargo-home" RUSTUP_HOME="/workspace/rustup-home" "/workspace/cargo-home/bin/cargo" "+9610dfe5a9a731ced1ea4923ecbd0c57fe367898" "fetch" "--manifest-path" "Cargo.toml", kill_on_drop: false }`
[INFO] running `Command { std: "docker" "create" "-v" "/var/lib/crater-agent-workspace/builds/worker-1-tc1/target:/opt/rustwide/target:rw,Z" "-v" "/var/lib/crater-agent-workspace/builds/worker-1-tc1/source:/opt/rustwide/workdir:ro,Z" "-v" "/var/lib/crater-agent-workspace/cargo-home:/opt/rustwide/cargo-home:ro,Z" "-v" "/var/lib/crater-agent-workspace/rustup-home:/opt/rustwide/rustup-home:ro,Z" "-e" "SOURCE_DIR=/opt/rustwide/workdir" "-e" "CARGO_TARGET_DIR=/opt/rustwide/target" "-e" "CARGO_HOME=/opt/rustwide/cargo-home" "-e" "RUSTUP_HOME=/opt/rustwide/rustup-home" "-w" "/opt/rustwide/workdir" "-m" "1610612736" "--user" "0:0" "--network" "none" "ghcr.io/rust-lang/crates-build-env/linux@sha256:19e73879b68f455e41552ea35293514db52ea292d993f571636dbffedb77a1ee" "/opt/rustwide/cargo-home/bin/cargo" "+9610dfe5a9a731ced1ea4923ecbd0c57fe367898" "metadata" "--no-deps" "--format-version=1", kill_on_drop: false }`
[INFO] [stdout] 2fd48fc88a73f81f71d4a55fbaf77585a0432241da354058164b85aee77d98ff
[INFO] running `Command { std: "docker" "start" "-a" "2fd48fc88a73f81f71d4a55fbaf77585a0432241da354058164b85aee77d98ff", kill_on_drop: false }`
[INFO] running `Command { std: "docker" "inspect" "2fd48fc88a73f81f71d4a55fbaf77585a0432241da354058164b85aee77d98ff", kill_on_drop: false }`
[INFO] running `Command { std: "docker" "rm" "-f" "2fd48fc88a73f81f71d4a55fbaf77585a0432241da354058164b85aee77d98ff", kill_on_drop: false }`
[INFO] [stdout] 2fd48fc88a73f81f71d4a55fbaf77585a0432241da354058164b85aee77d98ff
[INFO] running `Command { std: "docker" "create" "-v" "/var/lib/crater-agent-workspace/builds/worker-1-tc1/target:/opt/rustwide/target:rw,Z" "-v" "/var/lib/crater-agent-workspace/builds/worker-1-tc1/source:/opt/rustwide/workdir:ro,Z" "-v" "/var/lib/crater-agent-workspace/cargo-home:/opt/rustwide/cargo-home:ro,Z" "-v" "/var/lib/crater-agent-workspace/rustup-home:/opt/rustwide/rustup-home:ro,Z" "-e" "SOURCE_DIR=/opt/rustwide/workdir" "-e" "CARGO_TARGET_DIR=/opt/rustwide/target" "-e" "CARGO_INCREMENTAL=0" "-e" "RUST_BACKTRACE=full" "-e" "RUSTFLAGS=--cap-lints=forbid" "-e" "RUSTDOCFLAGS=--cap-lints=forbid" "-e" "CARGO_HOME=/opt/rustwide/cargo-home" "-e" "RUSTUP_HOME=/opt/rustwide/rustup-home" "-w" "/opt/rustwide/workdir" "-m" "1610612736" "--user" "0:0" "--network" "none" "ghcr.io/rust-lang/crates-build-env/linux@sha256:19e73879b68f455e41552ea35293514db52ea292d993f571636dbffedb77a1ee" "/opt/rustwide/cargo-home/bin/cargo" "+9610dfe5a9a731ced1ea4923ecbd0c57fe367898" "check" "--frozen" "--all" "--all-targets" "--message-format=json", kill_on_drop: false }`
[INFO] [stdout] dfbb21b40c54dbe56104a3be11e9f092395787024d1d4e7091de5f1870d8984d
[INFO] running `Command { std: "docker" "start" "-a" "dfbb21b40c54dbe56104a3be11e9f092395787024d1d4e7091de5f1870d8984d", kill_on_drop: false }`
[INFO] [stderr]    Compiling cfg_aliases v0.1.1
[INFO] [stderr]    Compiling parking_lot_core v0.8.6
[INFO] [stderr]    Compiling fs-err v2.9.0
[INFO] [stderr]    Compiling thiserror v1.0.40
[INFO] [stderr]     Checking ppv-lite86 v0.2.17
[INFO] [stderr]     Checking either v1.8.1
[INFO] [stderr]     Checking assert_matches v1.5.0
[INFO] [stderr]    Compiling memchr v2.5.0
[INFO] [stderr]    Compiling syn v1.0.109
[INFO] [stderr]     Checking getrandom v0.2.9
[INFO] [stderr]    Compiling thiserror-impl v1.0.40
[INFO] [stderr]    Compiling static_init_macro v0.5.0
[INFO] [stderr]    Compiling static_init v0.5.2
[INFO] [stderr]     Checking itertools v0.10.5
[INFO] [stderr]     Checking rand_core v0.6.4
[INFO] [stderr]     Checking rand_chacha v0.3.1
[INFO] [stderr]     Checking parking_lot v0.11.2
[INFO] [stderr]     Checking rand v0.8.5
[INFO] [stderr]    Compiling derive_more v0.99.17
[INFO] [stderr]    Compiling reed-solomon-novelpoly v1.0.0 (/opt/rustwide/workdir)
[INFO] [stdout] error[E0432]: unresolved import `reed_solomon_tester`
[INFO] [stdout]   --> src/lib.rs:28:6
[INFO] [stdout]    |
[INFO] [stdout] 28 |     use reed_solomon_tester::{roundtrip, BYTES, N_SHARDS};
[INFO] [stdout]    |         ^^^^^^^^^^^^^^^^^^^ use of undeclared crate or module `reed_solomon_tester`
[INFO] [stdout] 
[INFO] [stdout] 
[INFO] [stdout] error[E0432]: unresolved import `reed_solomon_tester`
[INFO] [stdout]   --> src/novel_poly_basis/tests.rs:11:5
[INFO] [stdout]    |
[INFO] [stdout] 11 | use reed_solomon_tester::*;
[INFO] [stdout]    |     ^^^^^^^^^^^^^^^^^^^ use of undeclared crate or module `reed_solomon_tester`
[INFO] [stdout] 
[INFO] [stdout] 
[INFO] [stdout] error[E0425]: cannot find value `SMALL_RNG_SEED` in this scope
[INFO] [stdout]   --> src/novel_poly_basis/tests.rs:84:48
[INFO] [stdout]    |
[INFO] [stdout] 84 |     let mut rng = rand::rngs::SmallRng::from_seed(SMALL_RNG_SEED);
[INFO] [stdout]    |                                                   ^^^^^^^^^^^^^^ not found in this scope
[INFO] [stdout] 
[INFO] [stdout] 
[INFO] [stdout] error[E0425]: cannot find value `SMALL_RNG_SEED` in this scope
[INFO] [stdout]    --> src/novel_poly_basis/tests.rs:137:37
[INFO] [stdout]     |
[INFO] [stdout] 137 |         let mut rng = SmallRng::from_seed(SMALL_RNG_SEED);
[INFO] [stdout]     |                                           ^^^^^^^^^^^^^^ not found in this scope
[INFO] [stdout] 
[INFO] [stdout] 
[INFO] [stdout] error[E0425]: cannot find value `BYTES` in this scope
[INFO] [stdout]    --> src/novel_poly_basis/tests.rs:188:17
[INFO] [stdout]     |
[INFO] [stdout] 188 |     let payload = &BYTES[0..K2 * shard_length];
[INFO] [stdout]     |                    ^^^^^ not found in this scope
[INFO] [stdout] 
[INFO] [stdout] 
[INFO] [stdout] error[E0425]: cannot find value `deterministic_drop_shards` in this scope
[INFO] [stdout]    --> src/novel_poly_basis/tests.rs:209:3
[INFO] [stdout]     |
[INFO] [stdout] 209 |         deterministic_drop_shards,
[INFO] [stdout]     |         ^^^^^^^^^^^^^^^^^^^^^^^^^ not found in this scope
[INFO] [stdout] 
[INFO] [stdout] 
[INFO] [stdout] error[E0425]: cannot find value `drop_random_max` in this scope
[INFO] [stdout]    --> src/novel_poly_basis/tests.rs:217:3
[INFO] [stdout]     |
[INFO] [stdout] 217 |         drop_random_max,
[INFO] [stdout]     |         ^^^^^^^^^^^^^^^ not found in this scope
[INFO] [stdout] 
[INFO] [stdout] 
[INFO] [stdout] error[E0425]: cannot find value `BYTES` in this scope
[INFO] [stdout]    --> src/novel_poly_basis/tests.rs:236:18
[INFO] [stdout]     |
[INFO] [stdout] 236 |                 &BYTES[0..$payload_size], $validator_count,
[INFO] [stdout]     |                  ^^^^^ not found in this scope
[INFO] [stdout] ...
[INFO] [stdout] 245 | simplicissimus!(case_0: validators: 2003, payload: 0; Err(Error::PayloadSizeIsZero));
[INFO] [stdout]     | ------------------------------------------------------------------------------------ in this macro invocation
[INFO] [stdout]     |
[INFO] [stdout]     = note: this error originates in the macro `simplicissimus` (in Nightly builds, run with -Z macro-backtrace for more info)
[INFO] [stdout] 
[INFO] [stdout] 
[INFO] [stdout] error[E0425]: cannot find value `deterministic_drop_shards` in this scope
[INFO] [stdout]    --> src/novel_poly_basis/tests.rs:237:21
[INFO] [stdout]     |
[INFO] [stdout] 237 |                     deterministic_drop_shards::<WrappedShard, SmallRng>);
[INFO] [stdout]     |                     ^^^^^^^^^^^^^^^^^^^^^^^^^ not found in this scope
[INFO] [stdout] ...
[INFO] [stdout] 245 | simplicissimus!(case_0: validators: 2003, payload: 0; Err(Error::PayloadSizeIsZero));
[INFO] [stdout]     | ------------------------------------------------------------------------------------ in this macro invocation
[INFO] [stdout]     |
[INFO] [stdout]     = note: this error originates in the macro `simplicissimus` (in Nightly builds, run with -Z macro-backtrace for more info)
[INFO] [stdout] 
[INFO] [stdout] 
[INFO] [stdout] error[E0425]: cannot find value `BYTES` in this scope
[INFO] [stdout]    --> src/novel_poly_basis/tests.rs:236:18
[INFO] [stdout]     |
[INFO] [stdout] 236 |                 &BYTES[0..$payload_size], $validator_count,
[INFO] [stdout]     |                  ^^^^^ not found in this scope
[INFO] [stdout] ...
[INFO] [stdout] 248 | simplicissimus!(case_1: validators: 10, payload: 16);
[INFO] [stdout]     | ---------------------------------------------------- in this macro invocation
[INFO] [stdout]     |
[INFO] [stdout]     = note: this error originates in the macro `simplicissimus` (in Nightly builds, run with -Z macro-backtrace for more info)
[INFO] [stdout] 
[INFO] [stdout] 
[INFO] [stdout] error[E0425]: cannot find value `deterministic_drop_shards` in this scope
[INFO] [stdout]    --> src/novel_poly_basis/tests.rs:237:21
[INFO] [stdout]     |
[INFO] [stdout] 237 |                     deterministic_drop_shards::<WrappedShard, SmallRng>);
[INFO] [stdout]     |                     ^^^^^^^^^^^^^^^^^^^^^^^^^ not found in this scope
[INFO] [stdout] ...
[INFO] [stdout] 248 | simplicissimus!(case_1: validators: 10, payload: 16);
[INFO] [stdout]     | ---------------------------------------------------- in this macro invocation
[INFO] [stdout]     |
[INFO] [stdout]     = note: this error originates in the macro `simplicissimus` (in Nightly builds, run with -Z macro-backtrace for more info)
[INFO] [stdout] 
[INFO] [stdout] 
[INFO] [stdout] error[E0425]: cannot find value `BYTES` in this scope
[INFO] [stdout]    --> src/novel_poly_basis/tests.rs:236:18
[INFO] [stdout]     |
[INFO] [stdout] 236 |                 &BYTES[0..$payload_size], $validator_count,
[INFO] [stdout]     |                  ^^^^^ not found in this scope
[INFO] [stdout] ...
[INFO] [stdout] 251 | simplicissimus!(case_2: validators: 100, payload: 1);
[INFO] [stdout]     | ---------------------------------------------------- in this macro invocation
[INFO] [stdout]     |
[INFO] [stdout]     = note: this error originates in the macro `simplicissimus` (in Nightly builds, run with -Z macro-backtrace for more info)
[INFO] [stdout] 
[INFO] [stdout] 
[INFO] [stdout] error[E0425]: cannot find value `deterministic_drop_shards` in this scope
[INFO] [stdout]    --> src/novel_poly_basis/tests.rs:237:21
[INFO] [stdout]     |
[INFO] [stdout] 237 |                     deterministic_drop_shards::<WrappedShard, SmallRng>);
[INFO] [stdout]     |                     ^^^^^^^^^^^^^^^^^^^^^^^^^ not found in this scope
[INFO] [stdout] ...
[INFO] [stdout] 251 | simplicissimus!(case_2: validators: 100, payload: 1);
[INFO] [stdout]     | ---------------------------------------------------- in this macro invocation
[INFO] [stdout]     |
[INFO] [stdout]     = note: this error originates in the macro `simplicissimus` (in Nightly builds, run with -Z macro-backtrace for more info)
[INFO] [stdout] 
[INFO] [stdout] 
[INFO] [stdout] error[E0425]: cannot find value `BYTES` in this scope
[INFO] [stdout]    --> src/novel_poly_basis/tests.rs:236:18
[INFO] [stdout]     |
[INFO] [stdout] 236 |                 &BYTES[0..$payload_size], $validator_count,
[INFO] [stdout]     |                  ^^^^^ not found in this scope
[INFO] [stdout] ...
[INFO] [stdout] 254 | simplicissimus!(case_3: validators: 4, payload: 100);
[INFO] [stdout]     | ---------------------------------------------------- in this macro invocation
[INFO] [stdout]     |
[INFO] [stdout]     = note: this error originates in the macro `simplicissimus` (in Nightly builds, run with -Z macro-backtrace for more info)
[INFO] [stdout] 
[INFO] [stdout] 
[INFO] [stdout] error[E0425]: cannot find value `deterministic_drop_shards` in this scope
[INFO] [stdout]    --> src/novel_poly_basis/tests.rs:237:21
[INFO] [stdout]     |
[INFO] [stdout] 237 |                     deterministic_drop_shards::<WrappedShard, SmallRng>);
[INFO] [stdout]     |                     ^^^^^^^^^^^^^^^^^^^^^^^^^ not found in this scope
[INFO] [stdout] ...
[INFO] [stdout] 254 | simplicissimus!(case_3: validators: 4, payload: 100);
[INFO] [stdout]     | ---------------------------------------------------- in this macro invocation
[INFO] [stdout]     |
[INFO] [stdout]     = note: this error originates in the macro `simplicissimus` (in Nightly builds, run with -Z macro-backtrace for more info)
[INFO] [stdout] 
[INFO] [stdout] 
[INFO] [stdout] error[E0425]: cannot find value `BYTES` in this scope
[INFO] [stdout]    --> src/novel_poly_basis/tests.rs:236:18
[INFO] [stdout]     |
[INFO] [stdout] 236 |                 &BYTES[0..$payload_size], $validator_count,
[INFO] [stdout]     |                  ^^^^^ not found in this scope
[INFO] [stdout] ...
[INFO] [stdout] 257 | simplicissimus!(case_4: validators: 2003, payload: 17);
[INFO] [stdout]     | ------------------------------------------------------ in this macro invocation
[INFO] [stdout]     |
[INFO] [stdout]     = note: this error originates in the macro `simplicissimus` (in Nightly builds, run with -Z macro-backtrace for more info)
[INFO] [stdout] 
[INFO] [stdout] 
[INFO] [stdout] error[E0425]: cannot find value `deterministic_drop_shards` in this scope
[INFO] [stdout]    --> src/novel_poly_basis/tests.rs:237:21
[INFO] [stdout]     |
[INFO] [stdout] 237 |                     deterministic_drop_shards::<WrappedShard, SmallRng>);
[INFO] [stdout]     |                     ^^^^^^^^^^^^^^^^^^^^^^^^^ not found in this scope
[INFO] [stdout] ...
[INFO] [stdout] 257 | simplicissimus!(case_4: validators: 2003, payload: 17);
[INFO] [stdout]     | ------------------------------------------------------ in this macro invocation
[INFO] [stdout]     |
[INFO] [stdout]     = note: this error originates in the macro `simplicissimus` (in Nightly builds, run with -Z macro-backtrace for more info)
[INFO] [stdout] 
[INFO] [stdout] 
[INFO] [stdout] error[E0425]: cannot find function `deterministic_drop_shards_clone` in this scope
[INFO] [stdout]    --> src/novel_poly_basis/tests.rs:148:23
[INFO] [stdout]     |
[INFO] [stdout] 148 |     let (codewords, _) = deterministic_drop_shards_clone(&mut codewords, N, K);
[INFO] [stdout]     |                          ^^^^^^^^^^^^^^^^^^^^^^^^^^^^^^^ not found in this scope
[INFO] [stdout] 
[INFO] [stdout] 
[INFO] [stdout] error[E0425]: cannot find function `deterministic_drop_shards_clone` in this scope
[INFO] [stdout]    --> src/novel_poly_basis/tests.rs:149:27
[INFO] [stdout]     |
[INFO] [stdout] 149 |     let (codewords_sub, _) = deterministic_drop_shards_clone(&mut codewords_sub, N, K);
[INFO] [stdout]     |                              ^^^^^^^^^^^^^^^^^^^^^^^^^^^^^^^ not found in this scope
[INFO] [stdout] 
[INFO] [stdout] 
[INFO] [stdout] error[E0425]: cannot find function `deterministic_drop_shards_clone` in this scope
[INFO] [stdout]    --> src/novel_poly_basis/tests.rs:197:43
[INFO] [stdout]     |
[INFO] [stdout] 197 |     let (received_shards, dropped_indices) = deterministic_drop_shards_clone(&mut shards, rs.n, rs.k);
[INFO] [stdout]     |                                              ^^^^^^^^^^^^^^^^^^^^^^^^^^^^^^^ not found in this scope
[INFO] [stdout] 
[INFO] [stdout] 
[INFO] [stdout] error[E0425]: cannot find function `assert_recovery` in this scope
[INFO] [stdout]    --> src/novel_poly_basis/tests.rs:201:2
[INFO] [stdout]     |
[INFO] [stdout] 201 |     assert_recovery(payload, &reconstructed_payload, dropped_indices);
[INFO] [stdout]     |     ^^^^^^^^^^^^^^^ not found in this scope
[INFO] [stdout] 
[INFO] [stdout] 
[INFO] [stdout] error[E0425]: cannot find function `roundtrip_w_drop_closure` in this scope
[INFO] [stdout]    --> src/novel_poly_basis/tests.rs:204:2
[INFO] [stdout]     |
[INFO] [stdout] 204 |     roundtrip_w_drop_closure::<_, _, _, SmallRng, WrappedShard, _>(
[INFO] [stdout]     |     ^^^^^^^^^^^^^^^^^^^^^^^^ not found in this scope
[INFO] [stdout] 
[INFO] [stdout] 
[INFO] [stdout] error[E0425]: cannot find function `roundtrip_w_drop_closure` in this scope
[INFO] [stdout]    --> src/novel_poly_basis/tests.rs:212:2
[INFO] [stdout]     |
[INFO] [stdout] 212 |     roundtrip_w_drop_closure::<_, _, _, SmallRng, WrappedShard, _>(
[INFO] [stdout]     |     ^^^^^^^^^^^^^^^^^^^^^^^^ not found in this scope
[INFO] [stdout] 
[INFO] [stdout] 
[INFO] [stdout] error[E0425]: cannot find function `roundtrip_w_drop_closure` in this scope
[INFO] [stdout]    --> src/novel_poly_basis/tests.rs:233:23
[INFO] [stdout]     |
[INFO] [stdout] 233 |             let res = roundtrip_w_drop_closure::<'_,_,_,_,SmallRng, WrappedShard, _>(
[INFO] [stdout]     |                       ^^^^^^^^^^^^^^^^^^^^^^^^ not found in this scope
[INFO] [stdout] ...
[INFO] [stdout] 245 | simplicissimus!(case_0: validators: 2003, payload: 0; Err(Error::PayloadSizeIsZero));
[INFO] [stdout]     | ------------------------------------------------------------------------------------ in this macro invocation
[INFO] [stdout]     |
[INFO] [stdout]     = note: this error originates in the macro `simplicissimus` (in Nightly builds, run with -Z macro-backtrace for more info)
[INFO] [stdout] 
[INFO] [stdout] 
[INFO] [stdout] error[E0425]: cannot find function `roundtrip_w_drop_closure` in this scope
[INFO] [stdout]    --> src/novel_poly_basis/tests.rs:233:23
[INFO] [stdout]     |
[INFO] [stdout] 233 |             let res = roundtrip_w_drop_closure::<'_,_,_,_,SmallRng, WrappedShard, _>(
[INFO] [stdout]     |                       ^^^^^^^^^^^^^^^^^^^^^^^^ not found in this scope
[INFO] [stdout] ...
[INFO] [stdout] 248 | simplicissimus!(case_1: validators: 10, payload: 16);
[INFO] [stdout]     | ---------------------------------------------------- in this macro invocation
[INFO] [stdout]     |
[INFO] [stdout]     = note: this error originates in the macro `simplicissimus` (in Nightly builds, run with -Z macro-backtrace for more info)
[INFO] [stdout] 
[INFO] [stdout] 
[INFO] [stdout] error[E0425]: cannot find function `roundtrip_w_drop_closure` in this scope
[INFO] [stdout]    --> src/novel_poly_basis/tests.rs:233:23
[INFO] [stdout]     |
[INFO] [stdout] 233 |             let res = roundtrip_w_drop_closure::<'_,_,_,_,SmallRng, WrappedShard, _>(
[INFO] [stdout]     |                       ^^^^^^^^^^^^^^^^^^^^^^^^ not found in this scope
[INFO] [stdout] ...
[INFO] [stdout] 251 | simplicissimus!(case_2: validators: 100, payload: 1);
[INFO] [stdout]     | ---------------------------------------------------- in this macro invocation
[INFO] [stdout]     |
[INFO] [stdout]     = note: this error originates in the macro `simplicissimus` (in Nightly builds, run with -Z macro-backtrace for more info)
[INFO] [stdout] 
[INFO] [stdout] 
[INFO] [stdout] error[E0425]: cannot find function `roundtrip_w_drop_closure` in this scope
[INFO] [stdout]    --> src/novel_poly_basis/tests.rs:233:23
[INFO] [stdout]     |
[INFO] [stdout] 233 |             let res = roundtrip_w_drop_closure::<'_,_,_,_,SmallRng, WrappedShard, _>(
[INFO] [stdout]     |                       ^^^^^^^^^^^^^^^^^^^^^^^^ not found in this scope
[INFO] [stdout] ...
[INFO] [stdout] 254 | simplicissimus!(case_3: validators: 4, payload: 100);
[INFO] [stdout]     | ---------------------------------------------------- in this macro invocation
[INFO] [stdout]     |
[INFO] [stdout]     = note: this error originates in the macro `simplicissimus` (in Nightly builds, run with -Z macro-backtrace for more info)
[INFO] [stdout] 
[INFO] [stdout] 
[INFO] [stdout] error[E0425]: cannot find function `roundtrip_w_drop_closure` in this scope
[INFO] [stdout]    --> src/novel_poly_basis/tests.rs:233:23
[INFO] [stdout]     |
[INFO] [stdout] 233 |             let res = roundtrip_w_drop_closure::<'_,_,_,_,SmallRng, WrappedShard, _>(
[INFO] [stdout]     |                       ^^^^^^^^^^^^^^^^^^^^^^^^ not found in this scope
[INFO] [stdout] ...
[INFO] [stdout] 257 | simplicissimus!(case_4: validators: 2003, payload: 17);
[INFO] [stdout]     | ------------------------------------------------------ in this macro invocation
[INFO] [stdout]     |
[INFO] [stdout]     = note: this error originates in the macro `simplicissimus` (in Nightly builds, run with -Z macro-backtrace for more info)
[INFO] [stdout] 
[INFO] [stdout] 
[INFO] [stdout] error: aborting due to 28 previous errors
[INFO] [stdout] 
[INFO] [stdout] 
[INFO] [stdout] Some errors have detailed explanations: E0425, E0432.
[INFO] [stdout] 
[INFO] [stdout] For more information about an error, try `rustc --explain E0425`.
[INFO] [stdout] 
[INFO] [stderr] error: could not compile `reed-solomon-novelpoly` (lib test) due to 29 previous errors
[INFO] [stderr] warning: build failed, waiting for other jobs to finish...
[INFO] running `Command { std: "docker" "inspect" "dfbb21b40c54dbe56104a3be11e9f092395787024d1d4e7091de5f1870d8984d", kill_on_drop: false }`
[INFO] running `Command { std: "docker" "rm" "-f" "dfbb21b40c54dbe56104a3be11e9f092395787024d1d4e7091de5f1870d8984d", kill_on_drop: false }`
[INFO] [stdout] dfbb21b40c54dbe56104a3be11e9f092395787024d1d4e7091de5f1870d8984d
